nd t?
3
Let t = 34 + -22. Let h = 6 + t. What is the highest common factor of h and 9?
9
Let c(m) = -m**3 - 2*m**2 + m + 2. Let b be c(3). Let d be b*-1*1/2. Let r = 25 + -15. What is the greatest common divisor of d and r?
10
Let b = -30 - -60. Suppose -3*x + 2*n = -b, 4*n + 10 = x - 0*x. Calculate the greatest common factor of 5 and x.
5
Let p be (-148 - -4)*2/(-3). What is the greatest common divisor of p and 12?
12
Let l(w) = -w**2 + w + 3. Let q be l(0). Suppose q*z = -z + 32. What is the highest common divisor of 32 and z?
8
Let d = -8 + 9. Let o be -5 - -8 - (-62 + d). What is the highest common factor of 8 and o?
8
Let o be -3 + (-1)/(-2) + (-478)/(-4). What is the highest common factor of o and 13?
13
Suppose -f = -2*s + 5, f + 5*s = -0*f + 16. Suppose 2*c + 7 = -1, 3 = 5*n + 3*c. Suppose n*z - f = 17. What is the greatest common factor of z and 4?
2
Suppose 1 = 3*t - 11. Suppose -2*q + 7 + 1 = 0. Suppose 7*i - 96 = q*i. Calculate the highest common factor of t and i.
4
Let x(w) = w**2 - 5*w + 3. Let f be x(5). Suppose -2*m - 10 = -f*m. Let s(d) = -d**2 + 6*d + 8. Let j be s(7). Calculate the highest common factor of m and j.
1
Let f(i) = i**3 + 11*i**2 + 9*i - 8. Let u be f(-10). Suppose -l = 4*v - u*v - 40, -v + l = -14. Calculate the greatest common divisor of 3 and v.
3
Let r = 5 + 1. Suppose -r*p = -3*p - 2*z - 50, -4*z + 76 = 5*p. Calculate the greatest common divisor of p and 64.
16
Suppose 5*f - 77 = 3*f - 3*b, 0 = 4*b - 4. Calculate the greatest common divisor of f and 37.
37
Let p(d) = 13*d**2 - 63*d + 49. Let i(r) = 9*r**2 - 42*r + 33. Let q(t) = -7*i(t) + 5*p(t). Let j be q(14). What is the greatest common divisor of 14 and j?
14
Suppose 4*i = -1 + 5. Calculate the greatest common factor of 3 and i.
1
Suppose 5*y - y = 168. What is the greatest common divisor of y and 6?
6
Suppose -26*w + 56 = 2*w. Let k(z) = -z - 3. Let u be k(-5). Calculate the highest common factor of u and w.
2
Suppose -5*s + 248 = -2*n, -s + 5*n - 55 = -2*s. Let w = -17 + 27. Calculate the highest common factor of w and s.
10
Let m(i) = 2*i**2 + 4*i + 5. Let x be m(-4). Calculate the greatest common divisor of x and 231.
21
Let q(i) = i + 7. Let b be q(6). Let f = b + -9. Let a = -69 + 73. Calculate the greatest common divisor of a and f.
4
Let d(m) = -4*m. Let j = -7 - -6. Let y be d(j). What is the greatest common factor of y and 10?
2
Suppose -2*v + 207 = h + 2*v, 2*h = v + 396. Suppose 2*o - 3*t = -2*o + h, 0 = 3*o - t - 143. What is the greatest common factor of 115 and o?
23
Let g = -278 - -678. Suppose -240 = -3*m - 3*s, 2*s - g = -m - 4*m. Let x = m - 8. Calculate the highest common factor of x and 9.
9
Let j be (-4)/((-52)/48 - (-3)/3). What is the highest common factor of j and 3?
3
Let f = 66 - 50. What is the greatest common factor of 80 and f?
16
Suppose -5*u + 125 = -150. What is the highest common divisor of 5 and u?
5
Let p be (-4 - -4) + 2 - (-2 + -92). Calculate the greatest common divisor of 12 and p.
12
Let s be ((-135)/10)/(3/(-220)). Suppose u = 4*a - 0*a + 198, 5*u = 5*a + s. What is the highest common factor of u and 18?
18
Suppose -2*q - 52 = -3*o, 3*q + 6 = -0*q. Let n(y) = y**3 - 2*y**2 - 9*y - 6. Let k be n(7). What is the greatest common factor of o and k?
16
Let g be 1/2*(-98)/(-7). Let k = -5 + g. Let p(z) = -z**3 + 6*z**2 + 4*z - 2. Let s be p(6). Calculate the greatest common divisor of s and k.
2
Let d(g) = 9*g + 7. Let u be d(6). Let v = u - 19. Let s(q) = -q + 28. Let y be s(0). What is the greatest common divisor of v and y?
14
Suppose l + 3 = 17. Let k = 182 + -112. What is the greatest common factor of k and l?
14
Suppose n + 6 = -5*j + 2, 110 = 5*n - j. Suppose -2*m = -m - n. Let z be 10/6*1*m. Calculate the highest common divisor of 7 and z.
7
Let s(u) = 9*u**2 - 1. Let x(a) = -a + 2. Let p be x(0). Let z(i) = -i**2 + 3*i. Let h be z(p). Let y be s(h). Calculate the highest common factor of y and 14.
7
Let g = 7 + -5. Suppose 4*q = 2*s, g*q - 2*s = q - 6. Suppose -y = -3*h - 8, -q*h = -3*y - y + 32. Calculate the greatest common factor of y and 64.
8
Let w = -274 + 186. Let i = w + 143. Suppose 38 = 3*z - 28. What is the greatest common divisor of i and z?
11
Let z(v) = -2*v + 26. Let c be z(12). What is the greatest common divisor of 3 and c?
1
Let x be (0 - -3) + -16 + -2. Let w be ((-4)/(-12))/((-1)/x). Calculate the greatest common divisor of w and 1.
1
Suppose 4*v + 2*o - 3*o = 57, 4*o = -4*v + 32. Let s(b) = 2*b - 4. Let x be s(5). Let c be x + 113 + (-4)/2. Calculate the highest common factor of c and v.
13
Let l(i) = -2*i**2 - 6*i**2 + 4*i**2 - 3 - 6*i - 7*i**2. Let m be l(-5). Let v be m/(-14) + (-6)/(-21). What is the highest common divisor of v and 72?
18
Let n(f) = f**2 + 12*f + 7. Let r be n(-12). Suppose 2*c + 5*q - 32 - 10 = 0, 5*q - 105 = -5*c. What is the highest common divisor of c and r?
7
Let q be (-1 - -2) + 81 - 2. Let f(w) = -3*w - 2. Let c be f(-2). Suppose -c*s = -5*s + 10. What is the highest common factor of q and s?
10
Let a be ((-72)/(-15))/((-8)/(-20)). What is the greatest common factor of 60 and a?
12
Let o be -1 + 2 - 272/(-1). What is the greatest common divisor of o and 39?
39
Let i = -3 + 5. Suppose 0 = -i*l + w - 5*w + 434, -8 = -2*w. What is the highest common divisor of 19 and l?
19
Let f be -3 + 129 - (-12)/3. Calculate the greatest common divisor of 26 and f.
26
Let i = -40 - -90. Let s be 6/((-18)/(-39)) - 3. Calculate the greatest common divisor of i and s.
10
Suppose -5*z + 98 + 190 = 4*c, 2*c + 5*z = 134. Let i = -7 - -14. Calculate the greatest common factor of i and c.
7
Suppose -5*c + 3*c - 5*t = -17, 5 = -5*t. Calculate the highest common divisor of 1 and c.
1
Suppose p + 1 = 9. What is the greatest common divisor of p and 2?
2
Let k = -9 + 18. Suppose 5*i = 2*h + k, -4*i = -2*i + h. Suppose 2*x = x + 9. Calculate the highest common factor of x and i.
1
Let u(g) = -g**2 - 9*g - 14. Let l be u(-6). What is the highest common divisor of l and 44?
4
Suppose 3*t - 4*u = 462, 3*u - 756 = -5*t + 5*u. Calculate the greatest common divisor of 60 and t.
30
Let q(p) = 22*p**2. Let l be q(-2). Calculate the greatest common divisor of l and 11.
11
Let g = 20 - 9. Suppose -w = -11 - g. What is the highest common divisor of 55 and w?
11
Suppose -o - 3*k - 1 = 12, o - 4*k = 22. Calculate the highest common factor of o and 14.
2
Let u(p) = -3*p - 2. Let o be u(-7). Suppose -2*b - 17 = -g, g + 35 = 3*g - 3*b. What is the greatest common factor of g and o?
19
Let m(x) = -34*x - 1. Let z be 0 + 9/(-3) - -2. Let b be m(z). Calculate the greatest common divisor of 11 and b.
11
Suppose -12 = 5*p - 92. What is the greatest common factor of 8 and p?
8
Let h be -2 - (-3)/(-3)*-32. What is the highest common divisor of h and 30?
30
Let b = 81 - 78. What is the highest common factor of 1 and b?
1
Let r(y) = -y**3 + y**2 + 3*y + 2. Let f be r(-3). Let b = f - -13. Calculate the greatest common factor of b and 6.
6
Suppose -4*g = 92 + 248. Let u = 121 + g. What is the highest common factor of u and 9?
9
Suppose -6*i + 39 = -3*i - 3*o, i + 2*o - 28 = 0. Let p = 25 - i. Suppose -y = -2*a + 12, 4 - 3 = -a + 4*y. What is the greatest common divisor of p and a?
7
Let u = 36 + -52. Suppose 0 = z + z + 2. Let l be (-668)/u - z/4. What is the highest common divisor of 28 and l?
14
Let i = 8 - -12. What is the greatest common factor of 30 and i?
10
Let f = -3 + 3. Let c = f + 4. Suppose c*u + u = 110. Calculate the highest common divisor of u and 2.
2
Let s = -68 + 113. What is the greatest common divisor of 5 and s?
5
Suppose -242 = -4*l + 2*p, l - 3*p + 0*p = 48. Calculate the greatest common factor of 42 and l.
21
Let x(z) = -23*z - 5. Let h be x(-5). Let r(k) = 10*k**2 + k. Let d be r(1). Calculate the greatest common divisor of d and h.
11
Suppose 0 = 2*b + 3*b + 15. Let f(y) = -3*y + 3. Let l be f(b). Let o(x) = -x**2 - 36*x - 93. Let c be o(-33). What is the greatest common divisor of l and c?
6
Suppose 4*m + 0 = 4. Suppose -p + 4 - m = 0. Calculate the highest common divisor of 33 and p.
3
Let y(v) = 86*v + 1. Let s be y(-3). Let k be 2 + -5 + 1 - s. Suppose 2*r = -r + k. Calculate the highest common divisor of 17 and r.
17
Let t(x) = x**2 - x - 1. Suppose 4*n - 12 = n. Let d be t(n). Le